base 7.
-533102
-1453524 (base 6) to base 9
-138637
What is 66141266 (base 7) in base 2?
10101101001010001000100
c3ab6 (base 16) to base 3
1111201101210
39834 (base 11) to base 9
86050
Convert -10226535 (base 7) to base 11.
-540397
-2525131 (base 7) to base 13
-b546b
What is -111436 (base 9) in base 8?
-202210
What is -7400291 (base 10) in base 16?
-70eb63
Convert 4aedba (base 15) to base 7.
42356266
What is 33d140 (base 14) in base 5?
422432034
Convert 1411 (base 8) to base 7.
2160
Convert -12002111121110 (base 3) to base 15.
-386dcc
42993 (base 16) to base 2
1000010100110010011
21325031 (base 6) to base 7
5246035
What is 2221132010 (base 4) in base 16?
a9784
What is 2365b (base 15) in base 4?
123202223
6a78 (base 11) to base 13
42bc
11001000110110011 (base 2) to base 11
70297
3505121 (base 6) to base 5
21224402
2226115 (base 11) to base 8
16706245
What is 22402512 (base 6) in base 14?
13b860
What is -75d77a (base 14) in base 4?
-33033012100
Convert 40406 (base 7) to base 16.
264e
Convert -1124023213 (base 5) to base 16.
-272057
What is 102439 (base 10) in base 13?
3781c
Convert 85319c (base 14) to base 10.
4503238
110010110011100101111 (base 2) to base 4
12112130233
32f31f (base 16) to base 10
3339039
What is -513246 (base 7) in base 15?
-1ae4c
Convert 724ba6 (base 12) to base 4.
12311132232
21020102201 (base 4) to base 12
974b95
What is -4653f4 (base 16) in base 4?
-101211033310
Convert -767326 (base 11) to base 3.
-2022020021002
Convert -1010101000011010010000 (base 2) to base 8.
-12503220
-1120022020120 (base 3) to base 10
-832695
What is -110717a (base 12) in base 15?
-4421ba
Convert -10145 (base 8) to base 10.
-4197
60a2f (base 16) to base 10
395823
Convert -1a6652 (base 12) to base 11.
-29a258
Convert 2222122301 (base 5) to base 16.
4a7555
-1001100101001101 (base 2) to base 5
-2223440
What is -15353535 (base 6) in base 16?
-84c83
Convert -a1d5a1 (base 14) to base 5.
-2344002244
3d21a9 (base 14) to base 7
24003002
-2354678 (base 11) to base 2
-1111101010010110001111
What is -153111 (base 6) in base 5?
-434242
Convert 155990 (base 10) to base 9.
256872
Convert -3a136 (base 12) to base 3.
-11001021220
What is -23535 (base 12) in base 16?
-b939
Convert 85234 (base 9) to base 6.
1112434
Convert -104114533 (base 7) to base 3.
-102202211221211
What is -22210101000 (base 4) in base 9?
-5181630
10010110100101101000110 (base 2) to base 10
4934470
What is bc501 (base 13) in base 6?
11152245
Convert -232230100111 (base 4) to base 12.
-4123331
Convert -21322131000 (base 4) to base 11.
-1515503
Convert 2361164 (base 9) to base 8.
4704407
2021220111020 (base 3) to base 5
302443031
Convert -1453450 (base 6) to base 9.
-138613
21885 (base 14) to base 4
103311231
What is a9a6 (base 13) in base 2?
101110001001011
Convert -7928922 (base 11) to base 14.
-1bb868d
Convert -1740278 (base 14) to base 10.
-11448466
What is -13376462 (base 8) in base 3?
-12200010100100
Convert -184834 (base 10) to base 4.
-231020002
Convert 1110000100000000111001 (base 2) to base 12.
1299449
Convert -4c80f (base 16) to base 2.
-1001100100000001111
Convert 1611334 (base 8) to base 9.
775818
Convert 69a40 (base 15) to base 14.
8a871
What is 11331122202 (base 4) in base 8?
5753242
What is 135150020 (base 7) in base 11?
4aa7019
What is -910532 (base 11) in base 8?
-5454644
What is -1001442224 (base 5) in base 7?
-22602305
What is -12020012212 (base 3) in base 12?
-4b6ab
Convert -12122101101 (base 4) to base 15.
-232db0
Convert 201121002101 (base 3) to base 11.
243871
136365501 (base 7) to base 12
3025040
-64b01 (base 12) to base 4
-200130301
What is -2143444 (base 6) in base 10?
-107092
Convert 75967 (base 12) to base 10.
155167
Convert 2093915 (base 11) to base 2.
1110000010011011110101
What is -51c0a (base 15) in base 13?
-90ca3
-4a001 (base 15) to base 3
-110000002001
What is -1246338 (base 9) in base 11?
-425248
b6a39 (base 14) to base 3
211102000020
What is -29582 (base 10) in base 8?
-71616
acab0 (base 15) to base 4
2012010231
What is -464368 (base 11) in base 5?
-142102221
What is 2074292 (base 11) in base 5?
1413320101
Convert 1fa4c (base 16) to base 15.
2860c
Convert 120100100120110 (base 3) to base 7.
126215445
Convert -212521452 (base 6) to base 15.
-4e84ce
What is 1111021231 (base 4) in base 16?
5526d
Convert 593645 (base 10) to base 13.
17a290
What is -203103 (base 5) in base 6?
-50445
Convert a5575 (base 12) to base 14.
59025
Convert -b747 (base 13) to base 4.
-12031001
What is 473167 (base 10) in base 3?
220001001201
1010031132 (base 4) to base 5
32420030
124233 (base 9) to base 3
10211021010
What is -110011101111011100 (base 2) in base 3?
-101202201100
-1455344 (base 6) to base 5
-10213311
Convert 6a336b (base 12) to base 5.
414043201
What is b028d (base 15) in base 4?
2020012102
-33432022 (base 8) to base 15
-979e10
-12400641 (base 9) to base 12
-205400a
-11001101011101011011 (base 2) to base 4
-3031131123
-1265236 (base 9) to base 11
-433519
What is 1011110110100111101 (base 2) in base 14?
a179b
1211768 (base 9) to base 10
657458
Convert -13111322032 (base 4) to base 8.
-7257216
120112002210002 (base 3) to base 10
8249204
What is 4b01b (base 15) in base 8?
724043
211221002122112 (base 3) to base 16
b9f06c
-2110011210121 (base 3) to base 16
-13e031
bd961c (base 14) to base 5
3122110440
What is 10004005 (base 6) in base 13?
9aa75
Convert -2189581 (base 13) to base 4.
-213030111022
What is -c4950d (base 14) in base 12?
-227a821
What is a16648 (base 11) in base 14?
307643
Convert -302040341 (base 6) to base 13.
-10ab537
Convert -10741164 (base 9) to base 6.
-303542304
Convert 41138 (base 10) to base 13.
15956
Convert -11153074 (base 8) to base 16.
-24d63c
What is -10102440043 (base 5) in base 11?
-5839341
Convert -148b3b (base 13) to base 3.
-221122202112
What is -11222311111 (base 4) in base 7?
-15426562
Convert 431002232 (base 5) to base 16.
1ba951
What is 22034343 (base 5) in base 6?
4023301
What is -203121 (base 7) in base 9?
-52543
Convert -12133100311 (base 4) to base 6.
-100242341
Convert -47532 (base 11) to base 10.
-68521
What is d5bd3 (base 15) in base 5?
133141143
-814810 (base 12) to base 9
-3717163
Convert -2980549 (base 12) to base 8.
-37753411
Convert 4131431334 (base 5) to base 12.
2a04373
100765 (base 8) to base 10
33269
Convert -c13792 (base 15) to base 11.
-51a7315
Convert -40ebf1 (base 16) to base 6.
-231105413
What is 331332313 (base 5) in base 12?
59166a
Convert 64402642 (base 7) to base 11.
3103302
Convert -1543606 (base 8) to base 13.
-1272c6
What is -34024145 (base 6) in base 15?
-155288
Convert -100001011011011111 (base 2) to base 15.
-2a887
-16604443 (base 7) to base 12
-66845a
Convert 13030310020 (base 4) to base 15.
2743d1
-404260 (base 8) to base 6
-2505040
47d3c (base 14) to base 9
286631
What is -7743321 (base 9) in base 3?
-21211110100201
b88e8 (base 15) to base 12
243085
What is -489555 (base 11) in base 6?
-24331120
What is 1000001011101101100 (base 2) in base 6?
5425220
642248 (base 11) to base 13
29caa7
Convert -16b1d2 (base 15) to base 3.
-2001220211122
Convert 32560506 (base 8) to base 5.
3243120421
Convert -322420042 (base 5) to base 7.
-14446226
Convert -10102102122122 (base 3) to base 16.
-1bc2c3
-1131231302 (base 4) to base 7
-3156056
-bc7e (base 15) to base 6
-504532
Convert -44370603 (base 8) to base 14.
-13ad89d
Convert -189385 (base 12) to base 6.
-13122245
Convert -347156 (base 8) to base 9.
-200345
Convert 26aad (base 15) to base 9.
207871
Convert -2a8845 (base 12) to base 9.
-1316648
What is -204220032 (base 5) in base 13?
-23a611
-a067b2 (base 12) to base 10
-2499830
Convert -2020210001201 (base 3) to base 13.
-32b6ba
-572515 (base 9) to base 13
-c01b5
What is 32200112002 (base 4) in base 9?
7135037
222147 (base 8) to base 10
74855
440cb (base 16) to base 3
112011100101
What is -135401244 (base 6) in base 15?
-39edd4
Convert -20122010211 (base 3) to base 5.
-13134334
-110702 (base 11) to base 6
-3441153
Convert 4451b11 (base 12) to base 3.
220112211010011
Convert -4a409 (base 11) to base 15.
-16697
What is 9a009a (base 15) in base 4?
130000023202
What is 21041033 (base 5) in base 7?
1324541
Convert -895 (base 16) to base 2.
-100010010101
What is 74c5 (base 14) in base 2?
100111011000101
What is -478137 (base 9) in